{"id":201,"date":"2017-06-26T00:45:37","date_gmt":"2017-06-25T22:45:37","guid":{"rendered":"http:\/\/bulin.fr\/?page_id=201"},"modified":"2017-06-27T12:47:38","modified_gmt":"2017-06-27T10:47:38","slug":"localisation","status":"publish","type":"page","link":"https:\/\/bulin.fr\/index.php\/localisation\/","title":{"rendered":"Localisation"},"content":{"rendered":"<p><iframe loading=\"lazy\" style=\"border: 0;\" src=\"https:\/\/www.google.com\/maps\/embed?pb=!1m14!1m8!1m3!1d10517.981036120933!2d5.1741778!3d48.7724345!3m2!1i1024!2i768!4f13.1!3m3!1m2!1s0x0%3A0xc68a026f50ecd686!2sBulin+d%C3%A9pannage+assistance+informatique+Bar-le-Duc!5e0!3m2!1sfr!2sfr!4v1439050843262\" width=\"600\" height=\"450\" frameborder=\"0\" allowfullscreen=\"allowfullscreen\"><\/iframe><\/p>\n<h4><strong><span style=\"color: #3366ff;\">Ci-dessous, la liste des communes o\u00f9 j&rsquo;interviens pour le d\u00e9pannage informatique et internet, assistance et la formation en Meuse :<\/span><\/strong><\/h4>\n<div class=\"wa-comp wa-text wa-bg-gradient param[grad(rgba(0,0,0,0)) border(0 #969696)] \">\n<div align=\"left\">[column size=\u00a0\u00bbone-half\u00a0\u00bb]Ancerville 55170[\/column]<\/div>\n<div align=\"left\">Andernay 55800<\/div>\n<div align=\"left\">[column size=\u00a0\u00bbone-half\u00a0\u00bb]Aulnois-en-Perthois 55170[\/column]<\/div>\n<div align=\"left\"><a href=\"https:\/\/www.google.fr\/maps\/place\/55000+Bar-le-Duc\/@48.7620498,5.1009159,12z\/data=!3m1!4b1!4m2!3m1!1s0x47eb7a7f24256f6b:0x40a5fb99a3ae7c0\" target=\"_blank\" rel=\"noopener\">Bar-le-duc\u00a0 55000<\/a><\/div>\n<div align=\"left\">[column size=\u00a0\u00bbone-half\u00a0\u00bb]Baudonvilliers 55170[\/column]<\/div>\n<div align=\"left\">Baudr\u00e9mont 55260<\/div>\n<div align=\"left\">[column size=\u00a0\u00bbone-half\u00a0\u00bb]Bazincourt-sur-Saulx 55170[\/column]<\/div>\n<div align=\"left\">Beausite 55250<\/div>\n<div align=\"left\">[column size=\u00a0\u00bbone-half\u00a0\u00bb]Behonne 55000[\/column]<\/div>\n<div align=\"left\">Belrain 55260<\/div>\n<div align=\"left\">[column size=\u00a0\u00bbone-half\u00a0\u00bb]Beurey-sur-Saulx 55000[\/column]<\/div>\n<div align=\"left\">Biencourt-sur-Orge 55290<\/div>\n<div align=\"left\">[column size=\u00a0\u00bbone-half\u00a0\u00bb]Bisl\u00e9e 55300[\/column]<\/div>\n<div align=\"left\">Boncourt-sur-Meuse 55200<\/div>\n<div align=\"left\">[column size=\u00a0\u00bbone-half\u00a0\u00bb]Bov\u00e9e-sur-Barboure 55190[\/column]<\/div>\n<div align=\"left\">Boviolles 55500<\/div>\n<div align=\"left\">[column size=\u00a0\u00bbone-half\u00a0\u00bb]Brabant-le-Roi 55800[\/column]<\/div>\n<div align=\"left\">Brauvilliers 55170<\/div>\n<div align=\"left\">[column size=\u00a0\u00bbone-half\u00a0\u00bb]Brillon-en-Barrois 55000[\/column]<\/div>\n<div align=\"left\">Brizeaux 55250<\/div>\n<div align=\"left\">[column size=\u00a0\u00bbone-half\u00a0\u00bb]Chanteraine 55500[\/column]<\/div>\n<div align=\"left\">Chardogne 55000<\/div>\n<div align=\"left\">[column size=\u00a0\u00bbone-half\u00a0\u00bb]Chaumont-sur-Aire 55260[\/column]<\/div>\n<div align=\"left\">Chauvoncourt 55300<\/div>\n<div align=\"left\">[column size=\u00a0\u00bbone-half\u00a0\u00bb]Chonville-Malaumont 55200[\/column]<\/div>\n<div align=\"left\">Combles-en-Barrois 55000<\/div>\n<div align=\"left\">[column size=\u00a0\u00bbone-half\u00a0\u00bb]Contrisson 55800[\/column]<\/div>\n<div align=\"left\">Courcelles-en-Barrois 55260<\/div>\n<div align=\"left\">[column size=\u00a0\u00bbone-half\u00a0\u00bb]Courcelles-sur-Aire 55260[\/column]<\/div>\n<div align=\"left\">Courouvre 55260<\/div>\n<div align=\"left\">[column size=\u00a0\u00bbone-half\u00a0\u00bb]Cousances-les-Forges 55170[\/column]<\/div>\n<div align=\"left\">Cousances-l\u00e8s-Triconville 55500<\/div>\n<div align=\"left\">[column size=\u00a0\u00bbone-half\u00a0\u00bb]Couvertpuis 55290[\/column]<\/div>\n<div align=\"left\">Couvonges 55000<\/div>\n<div align=\"left\">[column size=\u00a0\u00bbone-half\u00a0\u00bb]Dagonville 55500[\/column]<\/div>\n<div align=\"left\">Dammarie-sur-Saulx 55500<\/div>\n<div align=\"left\">[column size=\u00a0\u00bbone-half\u00a0\u00bb]\u00c9rize-la-Br\u00fbl\u00e9e 55260[\/column]<\/div>\n<div align=\"left\">\u00c9rize-la-Petite 55260<\/div>\n<div align=\"left\">[column size=\u00a0\u00bbone-half\u00a0\u00bb]\u00c9rize-Saint-Dizier 55000[\/column]<\/div>\n<div align=\"left\">Erneville-aux-Bois 55500<\/div>\n<div align=\"left\">[column size=\u00a0\u00bbone-half\u00a0\u00bb]\u00c8vres 55250[\/column]<\/div>\n<div align=\"left\">Fains-V\u00e9el 55000<\/div>\n<div align=\"left\">[column size=\u00a0\u00bbone-half\u00a0\u00bb]Foucaucourt-sur-Thabas 55250[\/column]<\/div>\n<div align=\"left\">Fouch\u00e8res-aux-Bois 55500<\/div>\n<div align=\"left\">[column size=\u00a0\u00bbone-half\u00a0\u00bb]Fresnes-au-Mont 55260[\/column]<\/div>\n<div align=\"left\">G\u00e9ry 55000<\/div>\n<div align=\"left\">[column size=\u00a0\u00bbone-half\u00a0\u00bb]Grimaucourt-pr\u00e8s-Sampigny 55500[\/column]<\/div>\n<div align=\"left\">Gim\u00e9court 55260<\/div>\n<div align=\"left\">[column size=\u00a0\u00bbone-half\u00a0\u00bb]Givrauval 55500[\/column]<\/div>\n<div align=\"left\">Guerpont 55000<\/div>\n<div align=\"left\">[column size=\u00a0\u00bbone-half\u00a0\u00bb]Han-sur-Meuse 55300[\/column]<\/div>\n<div align=\"left\">Haironville 55000<\/div>\n<div align=\"left\">[column size=\u00a0\u00bbone-half\u00a0\u00bb]Heippes 55220[\/column]<\/div>\n<div align=\"left\">H\u00e9villiers 55290<\/div>\n<div align=\"left\">[column size=\u00a0\u00bbone-half\u00a0\u00bb]Juvigny-en-Perthois 55170[\/column]<\/div>\n<div align=\"left\">K\u0153ur-la-Grande 55300<\/div>\n<div align=\"left\">[column size=\u00a0\u00bbone-half\u00a0\u00bb]K\u0153ur-la-Petite 55300[\/column]<\/div>\n<div align=\"left\">Lahaymeix 55260<\/div>\n<div align=\"left\">[column size=\u00a0\u00bbone-half\u00a0\u00bb]Laheycourt 55800[\/column]<\/div>\n<div align=\"left\">Laimont 55800<\/div>\n<div align=\"left\">[column size=\u00a0\u00bbone-half\u00a0\u00bb]Lavall\u00e9e 55260[\/column]<\/div>\n<div align=\"left\">Lavincourt 55170<\/div>\n<div align=\"left\">[column size=\u00a0\u00bbone-half\u00a0\u00bb]Le Bouchon-sur-Saulx 55500[\/column]<\/div>\n<div align=\"left\">L\u00e9rouville 55200<\/div>\n<div align=\"left\">[column size=\u00a0\u00bbone-half\u00a0\u00bb]Les Hauts-de-Ch\u00e9e 55000[\/column]<\/div>\n<div align=\"left\">Les Paroches 55300<\/div>\n<div align=\"left\">[column size=\u00a0\u00bbone-half\u00a0\u00bb]Les Trois-Domaines 55220[\/column]<\/div>\n<div align=\"left\">Levoncourt 55260<\/div>\n<div align=\"left\">[column size=\u00a0\u00bbone-half\u00a0\u00bb]Ligni\u00e8res-sur-Aire 55260[\/column]<\/div>\n<div align=\"left\">Lisle-en-Barrois 55250<\/div>\n<div align=\"left\">[column size=\u00a0\u00bbone-half\u00a0\u00bb]Ligny-en-Barrois 55500[\/column]<\/div>\n<div align=\"left\">Lisle-en-Rigault 55000<\/div>\n<div align=\"left\">[column size=\u00a0\u00bbone-half\u00a0\u00bb]Loisey-Culey 55000[\/column]<\/div>\n<div align=\"left\">Longchamps-sur-Aire 55260<\/div>\n<div align=\"left\">[column size=\u00a0\u00bbone-half\u00a0\u00bb]Longeaux 55500[\/column]<\/div>\n<div align=\"left\">Longeville-en-Barrois 55000<\/div>\n<div align=\"left\">[column size=\u00a0\u00bbone-half\u00a0\u00bb]Louppy-le-Ch\u00e2teau 55800[\/column]<\/div>\n<div align=\"left\">Marson-sur-Barboure 55190<\/div>\n<div align=\"left\">[column size=\u00a0\u00bbone-half\u00a0\u00bb]Maulan 55500[\/column]<\/div>\n<div align=\"left\">M\u00e9crin 55300<\/div>\n<div align=\"left\">[column size=\u00a0\u00bbone-half\u00a0\u00bb]M\u00e9ligny-le-Grand 55190[\/column]<\/div>\n<div align=\"left\">M\u00e9ligny-le-Petit 55190<\/div>\n<div align=\"left\">[column size=\u00a0\u00bbone-half\u00a0\u00bb]Menaucourt 55500[\/column]<\/div>\n<div align=\"left\">M\u00e9nil-aux-Bois 55260<\/div>\n<div align=\"left\">[column size=\u00a0\u00bbone-half\u00a0\u00bb]M\u00e9nil-la-Horgne 55190[\/column]<\/div>\n<div align=\"left\">M\u00e9nil-sur-Saulx 55260<\/div>\n<div align=\"left\">[column size=\u00a0\u00bbone-half\u00a0\u00bb]Mogn\u00e9ville 55800[\/column]<\/div>\n<div align=\"left\">Montiers-sur-Saulx 55290<\/div>\n<div align=\"left\">[column size=\u00a0\u00bbone-half\u00a0\u00bb]Montplonne 55000[\/column]<\/div>\n<div align=\"left\">Morley 55290<\/div>\n<div align=\"left\">[column size=\u00a0\u00bbone-half\u00a0\u00bb]Naives-Rosi\u00e8res 55000[\/column]<\/div>\n<div align=\"left\">Naix-aux-Forges 55500<\/div>\n<div align=\"left\">[column size=\u00a0\u00bbone-half\u00a0\u00bb]Nan\u00e7ois-le-Grand 55500[\/column]<\/div>\n<div align=\"left\">Nan\u00e7ois-sur-Ornain 55500<\/div>\n<div align=\"left\">[column size=\u00a0\u00bbone-half\u00a0\u00bb]Nant-le-Grand 55500[\/column]<\/div>\n<div align=\"left\">Nant-le-Petit 55500<\/div>\n<div align=\"left\">[column size=\u00a0\u00bbone-half\u00a0\u00bb]Nantois 55500[\/column]<\/div>\n<div align=\"left\">Nettancourt 55800<\/div>\n<div align=\"left\">[column size=\u00a0\u00bbone-half\u00a0\u00bb]Neuville-en-Verdunois 55260[\/column]<\/div>\n<div align=\"left\">Neuville-sur-Ornain 55800<\/div>\n<div align=\"left\">[column size=\u00a0\u00bbone-half\u00a0\u00bb]Nicey-sur-Aire 55260[\/column]<\/div>\n<div align=\"left\">Noyers-Auz\u00e9court 55800<\/div>\n<div align=\"left\">[column size=\u00a0\u00bbone-half\u00a0\u00bb]Nub\u00e9court 55250[\/column]<\/div>\n<div align=\"left\">Pierrefitte-sur-Aire 55260<\/div>\n<div align=\"left\">[column size=\u00a0\u00bbone-half\u00a0\u00bb]Pont-sur-Meuse 55200[\/column]<\/div>\n<div align=\"left\">Pretz-en-Argonne 55250<\/div>\n<div align=\"left\">[column size=\u00a0\u00bbone-half\u00a0\u00bb]Raival 55260[\/column]<\/div>\n<div align=\"left\">Rambluzin-et-Benoite-Vaux 55220<\/div>\n<div align=\"left\">[column size=\u00a0\u00bbone-half\u00a0\u00bb]Rancourt-sur-Ornain 55800[\/column]<\/div>\n<div align=\"left\">Reffroy 55190<\/div>\n<div align=\"left\">[column size=\u00a0\u00bbone-half\u00a0\u00bb]Rembercourt-Sommaisne 55250[\/column]<\/div>\n<div align=\"left\">Remennecourt 55800<\/div>\n<div align=\"left\">[column size=\u00a0\u00bbone-half\u00a0\u00bb]Resson 55000[\/column]<\/div>\n<div align=\"left\">Revigny-sur-Ornain 55800<\/div>\n<div align=\"left\">[column size=\u00a0\u00bbone-half\u00a0\u00bb]Ribeaucourt 55290[\/column]<\/div>\n<div align=\"left\">Robert-Espagne 55000<\/div>\n<div align=\"left\">[column size=\u00a0\u00bbone-half\u00a0\u00bb]Rumont 55000[\/column]<\/div>\n<div align=\"left\">Rupt-aux-Nonains 55170<\/div>\n<div align=\"left\">[column size=\u00a0\u00bbone-half\u00a0\u00bb]Rupt-devant-Saint-Mihiel 55260[\/column]<\/div>\n<div align=\"left\">Saint-Andr\u00e9-en-Barrois 55220<\/div>\n<div align=\"left\">[column size=\u00a0\u00bbone-half\u00a0\u00bb]Saint-Amand-sur-Ornain 55500[\/column]<\/div>\n<div align=\"left\">Saint-Aubin-sur-Aire 55500<\/div>\n<div align=\"left\">[column size=\u00a0\u00bbone-half\u00a0\u00bb]Saint-Joire 55130[\/column]<\/div>\n<div align=\"left\">Salmagne 55000Saudrupt 55000<\/div>\n<div align=\"left\">[column size=\u00a0\u00bbone-half\u00a0\u00bb]Sampigny 55300[\/column]<\/div>\n<div align=\"left\">Saulvaux 55500<\/div>\n<div align=\"left\">[column size=\u00a0\u00bbone-half\u00a0\u00bb]Savonni\u00e8res-devant-Bar 55000[\/column]<\/div>\n<div align=\"left\">Savonni\u00e8res-en-Perthois 55170<\/div>\n<div align=\"left\">[column size=\u00a0\u00bbone-half\u00a0\u00bb]Seigneulles 55000[\/column]<\/div>\n<div align=\"left\">Sermaize-les-Bains 55250<\/div>\n<div align=\"left\">[column size=\u00a0\u00bbone-half\u00a0\u00bb]Seuil-d&rsquo;Argonne 55250[\/column]<\/div>\n<div align=\"left\">Silmont 55000<\/div>\n<div align=\"left\">[column size=\u00a0\u00bbone-half\u00a0\u00bb]Sommeilles 55800[\/column]<\/div>\n<div align=\"left\">Sommelonne 55170<\/div>\n<div align=\"left\">[column size=\u00a0\u00bbone-half\u00a0\u00bb]Souilly 55220[\/column]<\/div>\n<div align=\"left\">Stainville 55500<\/div>\n<div align=\"left\">[column size=\u00a0\u00bbone-half\u00a0\u00bb]Tannois 55000[\/column]<\/div>\n<div align=\"left\">Thillombois 55260<\/div>\n<div align=\"left\">[column size=\u00a0\u00bbone-half\u00a0\u00bb]Tr\u00e9mont-sur-Saulx 55000[\/column]<\/div>\n<div align=\"left\">Tr\u00e9veray 55130<\/div>\n<div align=\"left\">[column size=\u00a0\u00bbone-half\u00a0\u00bb]Tronville-en-Barrois 55310[\/column]<\/div>\n<div align=\"left\">Vadonville 55200<\/div>\n<div align=\"left\">[column size=\u00a0\u00bbone-half\u00a0\u00bb]Val-d&rsquo;Ornain 55000[\/column]<\/div>\n<div align=\"left\">Vassincourt 55800<\/div>\n<div align=\"left\">[column size=\u00a0\u00bbone-half\u00a0\u00bb]Vaubecourt 55250[\/column]<\/div>\n<div align=\"left\">Vavincourt 55000<\/div>\n<div align=\"left\">[column size=\u00a0\u00bbone-half\u00a0\u00bb]Velaines 55500[\/column]<\/div>\n<div align=\"left\">Ville-devant-Belrain 55260<\/div>\n<div align=\"left\">[column size=\u00a0\u00bbone-half\u00a0\u00bb]Villers-aux-Vents 55800[\/column]<\/div>\n<div align=\"left\">Villers-le-Sec 55500<\/div>\n<div align=\"left\">[column size=\u00a0\u00bbone-half\u00a0\u00bb]Ville-sur-Saulx 55000[\/column]<\/div>\n<div align=\"left\">Villotte-sur-Aire 55260<\/div>\n<div align=\"left\">[column size=\u00a0\u00bbone-half\u00a0\u00bb]Villotte-devant-Louppy 55250[\/column]<\/div>\n<div align=\"left\">Waly 55250<\/div>\n<div align=\"left\">[column size=\u00a0\u00bbone-half\u00a0\u00bb]Willeroncourt 55800[\/column]<\/div>\n<\/div>\n<p>&nbsp;<\/p>\n<pre><strong>Soci\u00e9t\u00e9 de d\u00e9pannage, assistance et de la maintenance informatique \u00e0 domicile \r\n\u00e0 votre service en Meuse(55). Situ\u00e9 \u00e0 Bar le duc. T\u00e9l: 06 37 12 81 41<\/strong><\/pre>\n","protected":false},"excerpt":{"rendered":"<p>Ci-dessous, la liste des communes o\u00f9 j&rsquo;interviens pour le d\u00e9pannage informatique et internet, assistance et la formation en Meuse : [column size=\u00a0\u00bbone-half\u00a0\u00bb]Ancerville 55170[\/column] Andernay 55800 [column size=\u00a0\u00bbone-half\u00a0\u00bb]Aulnois-en-Perthois 55170[\/column] Bar-le-duc\u00a0 55000 [column size=\u00a0\u00bbone-half\u00a0\u00bb]Baudonvilliers 55170[\/column] Baudr\u00e9mont&#46;&#46;&#46;<\/p>\n","protected":false},"author":1,"featured_media":0,"parent":0,"menu_order":0,"comment_status":"closed","ping_status":"closed","template":"","meta":{"footnotes":""},"class_list":["post-201","page","type-page","status-publish","hentry"],"yoast_head":"<!-- This site is optimized with the Yoast SEO plugin v27.5 - https:\/\/yoast.com\/product\/yoast-seo-wordpress\/ -->\n<title>Localisation - D\u00e9pannage Informatique en Meuse<\/title>\n<meta name=\"description\" content=\"Ci-dessous, la liste des communes o\u00f9 j&#039;interviens pour le d\u00e9pannage informatique et internet, assistance et la formation : localisation Bar le Duc etc...\" \/>\n<meta name=\"robots\" content=\"index, follow, max-snippet:-1, max-image-preview:large, max-video-preview:-1\" \/>\n<link rel=\"canonical\" href=\"https:\/\/bulin.fr\/index.php\/localisation\/\" \/>\n<meta property=\"og:locale\" content=\"fr_FR\" \/>\n<meta property=\"og:type\" content=\"article\" \/>\n<meta property=\"og:title\" content=\"Localisation - D\u00e9pannage Informatique en Meuse\" \/>\n<meta property=\"og:description\" content=\"Ci-dessous, la liste des communes o\u00f9 j&#039;interviens pour le d\u00e9pannage informatique et internet, assistance et la formation : localisation Bar le Duc etc...\" \/>\n<meta property=\"og:url\" content=\"https:\/\/bulin.fr\/index.php\/localisation\/\" \/>\n<meta property=\"og:site_name\" content=\"D\u00e9pannage Informatique en Meuse\" \/>\n<meta property=\"article:modified_time\" content=\"2017-06-27T10:47:38+00:00\" \/>\n<meta name=\"twitter:card\" content=\"summary_large_image\" \/>\n<meta name=\"twitter:label1\" content=\"Dur\u00e9e de lecture estim\u00e9e\" \/>\n\t<meta name=\"twitter:data1\" content=\"3 minutes\" \/>\n<script type=\"application\/ld+json\" class=\"yoast-schema-graph\">{\"@context\":\"https:\\\/\\\/schema.org\",\"@graph\":[{\"@type\":\"WebPage\",\"@id\":\"https:\\\/\\\/bulin.fr\\\/index.php\\\/localisation\\\/\",\"url\":\"https:\\\/\\\/bulin.fr\\\/index.php\\\/localisation\\\/\",\"name\":\"Localisation - D\u00e9pannage Informatique en Meuse\",\"isPartOf\":{\"@id\":\"https:\\\/\\\/bulin.fr\\\/#website\"},\"datePublished\":\"2017-06-25T22:45:37+00:00\",\"dateModified\":\"2017-06-27T10:47:38+00:00\",\"description\":\"Ci-dessous, la liste des communes o\u00f9 j'interviens pour le d\u00e9pannage informatique et internet, assistance et la formation : localisation Bar le Duc etc...\",\"breadcrumb\":{\"@id\":\"https:\\\/\\\/bulin.fr\\\/index.php\\\/localisation\\\/#breadcrumb\"},\"inLanguage\":\"fr-FR\",\"potentialAction\":[{\"@type\":\"ReadAction\",\"target\":[\"https:\\\/\\\/bulin.fr\\\/index.php\\\/localisation\\\/\"]}]},{\"@type\":\"BreadcrumbList\",\"@id\":\"https:\\\/\\\/bulin.fr\\\/index.php\\\/localisation\\\/#breadcrumb\",\"itemListElement\":[{\"@type\":\"ListItem\",\"position\":1,\"name\":\"Accueil\",\"item\":\"https:\\\/\\\/bulin.fr\\\/\"},{\"@type\":\"ListItem\",\"position\":2,\"name\":\"Localisation\"}]},{\"@type\":\"WebSite\",\"@id\":\"https:\\\/\\\/bulin.fr\\\/#website\",\"url\":\"https:\\\/\\\/bulin.fr\\\/\",\"name\":\"D\u00e9pannage Informatique en Meuse\",\"description\":\"Bulin assistance informatique - T\u00e9l: 06 37 12 81 41\",\"potentialAction\":[{\"@type\":\"SearchAction\",\"target\":{\"@type\":\"EntryPoint\",\"urlTemplate\":\"https:\\\/\\\/bulin.fr\\\/?s={search_term_string}\"},\"query-input\":{\"@type\":\"PropertyValueSpecification\",\"valueRequired\":true,\"valueName\":\"search_term_string\"}}],\"inLanguage\":\"fr-FR\"}]}<\/script>\n<!-- \/ Yoast SEO plugin. -->","yoast_head_json":{"title":"Localisation - D\u00e9pannage Informatique en Meuse","description":"Ci-dessous, la liste des communes o\u00f9 j'interviens pour le d\u00e9pannage informatique et internet, assistance et la formation : localisation Bar le Duc etc...","robots":{"index":"index","follow":"follow","max-snippet":"max-snippet:-1","max-image-preview":"max-image-preview:large","max-video-preview":"max-video-preview:-1"},"canonical":"https:\/\/bulin.fr\/index.php\/localisation\/","og_locale":"fr_FR","og_type":"article","og_title":"Localisation - D\u00e9pannage Informatique en Meuse","og_description":"Ci-dessous, la liste des communes o\u00f9 j'interviens pour le d\u00e9pannage informatique et internet, assistance et la formation : localisation Bar le Duc etc...","og_url":"https:\/\/bulin.fr\/index.php\/localisation\/","og_site_name":"D\u00e9pannage Informatique en Meuse","article_modified_time":"2017-06-27T10:47:38+00:00","twitter_card":"summary_large_image","twitter_misc":{"Dur\u00e9e de lecture estim\u00e9e":"3 minutes"},"schema":{"@context":"https:\/\/schema.org","@graph":[{"@type":"WebPage","@id":"https:\/\/bulin.fr\/index.php\/localisation\/","url":"https:\/\/bulin.fr\/index.php\/localisation\/","name":"Localisation - D\u00e9pannage Informatique en Meuse","isPartOf":{"@id":"https:\/\/bulin.fr\/#website"},"datePublished":"2017-06-25T22:45:37+00:00","dateModified":"2017-06-27T10:47:38+00:00","description":"Ci-dessous, la liste des communes o\u00f9 j'interviens pour le d\u00e9pannage informatique et internet, assistance et la formation : localisation Bar le Duc etc...","breadcrumb":{"@id":"https:\/\/bulin.fr\/index.php\/localisation\/#breadcrumb"},"inLanguage":"fr-FR","potentialAction":[{"@type":"ReadAction","target":["https:\/\/bulin.fr\/index.php\/localisation\/"]}]},{"@type":"BreadcrumbList","@id":"https:\/\/bulin.fr\/index.php\/localisation\/#breadcrumb","itemListElement":[{"@type":"ListItem","position":1,"name":"Accueil","item":"https:\/\/bulin.fr\/"},{"@type":"ListItem","position":2,"name":"Localisation"}]},{"@type":"WebSite","@id":"https:\/\/bulin.fr\/#website","url":"https:\/\/bulin.fr\/","name":"D\u00e9pannage Informatique en Meuse","description":"Bulin assistance informatique - T\u00e9l: 06 37 12 81 41","potentialAction":[{"@type":"SearchAction","target":{"@type":"EntryPoint","urlTemplate":"https:\/\/bulin.fr\/?s={search_term_string}"},"query-input":{"@type":"PropertyValueSpecification","valueRequired":true,"valueName":"search_term_string"}}],"inLanguage":"fr-FR"}]}},"_links":{"self":[{"href":"https:\/\/bulin.fr\/index.php\/wp-json\/wp\/v2\/pages\/201","targetHints":{"allow":["GET"]}}],"collection":[{"href":"https:\/\/bulin.fr\/index.php\/wp-json\/wp\/v2\/pages"}],"about":[{"href":"https:\/\/bulin.fr\/index.php\/wp-json\/wp\/v2\/types\/page"}],"author":[{"embeddable":true,"href":"https:\/\/bulin.fr\/index.php\/wp-json\/wp\/v2\/users\/1"}],"replies":[{"embeddable":true,"href":"https:\/\/bulin.fr\/index.php\/wp-json\/wp\/v2\/comments?post=201"}],"version-history":[{"count":18,"href":"https:\/\/bulin.fr\/index.php\/wp-json\/wp\/v2\/pages\/201\/revisions"}],"predecessor-version":[{"id":280,"href":"https:\/\/bulin.fr\/index.php\/wp-json\/wp\/v2\/pages\/201\/revisions\/280"}],"wp:attachment":[{"href":"https:\/\/bulin.fr\/index.php\/wp-json\/wp\/v2\/media?parent=201"}],"curies":[{"name":"wp","href":"https:\/\/api.w.org\/{rel}","templated":true}]}}